i - 64. What is the greatest common factor of v and w?
20
Suppose 4*t = -m + 26887, 15*m - 12*m = -5*t + 80675. Calculate the highest common divisor of 11 and m.
11
Let c be (11/33)/((-2)/(-12)). Let r be -84*(9/(-12) + c/(-8)). Calculate the greatest common divisor of 63 and r.
21
Suppose -10*i + 3*i + 49 = 0. Suppose i*t = 411 - 145. Let y = t + -29. What is the highest common factor of 81 and y?
9
Suppose 23*n = 13*n - 1190. Let d = -112 - n. What is the highest common divisor of 56 and d?
7
Let n(f) = -f**2 + 15*f - 9. Let l be n(0). Let c(u) = -17*u - 102. Let j be c(l). What is the highest common factor of 136 and j?
17
Suppose s + 3*x - 134 = 81, -4*s + 905 = -3*x. What is the highest common divisor of s and 161?
7
Let o(d) = 4*d**3 - 24*d**2 + 37*d - 24. Let n be o(5). What is the highest common factor of 8 and n?
1
Suppose -4*j + 80 = -160. Let l be -1 + 2 + (6 - 11) + 11. Suppose l*y + 19 - 103 = 0. What is the highest common divisor of j and y?
12
Suppose -16*n + 20*n = 16. Suppose n*u + 8 = 328. What is the greatest common divisor of 5 and u?
5
Let w = 45 - 46. Let l be w*(1 + 0) - -3. Suppose 4*v - 58 = -2*c, v - 27 = -l*c + c. What is the greatest common factor of 10 and c?
5
Let t = 57 - 45. Suppose 39*v - 32043 = 6801. What is the greatest common factor of v and t?
12
Let y(p) be the second derivative of -p**4/12 - 19*p**3/3 - 13*p**2 - 2*p + 39. Let b be y(-13). What is the highest common factor of b and 13?
13
Suppose 9*i - 4*o + 40 = 11*i, 2*i = -o + 34. Suppose i*u - 10907 - 469 = 0. Calculate the greatest common divisor of u and 18.
9
Let x(f) = 2*f**3 + 140*f**2 - 151*f - 33. Let i be x(-71). What is the greatest common divisor of 6 and i?
6
Suppose -4366*x + 342 = -4347*x. What is the highest common factor of 9216 and x?
18
Let v be -12 + (-2)/(18/(-5085)). Calculate the highest common factor of 237 and v.
79
Let o be 58 + 54 + -48 + 10/(-1) + 1. Calculate the highest common divisor of o and 1859.
11
Let g be (-19 - -7) + 6 + -2. Let o be 95*(8 - (-2 - g)). What is the greatest common divisor of o and 76?
38
Let x = 3742 - 3679. What is the greatest common divisor of 161 and x?
7
Let y(a) = 179*a**2 + 1. Let i be y(-1). Suppose -8*w - i = -13*w. Let c = w + -33. Calculate the highest common divisor of c and 6.
3
Let z be 13*8/(-10)*-5. Let n(w) = -w**3 - 10*w**2 - 4*w + 14. Let p be n(-10). Suppose -p*o = -47*o - 182. What is the greatest common factor of o and z?
26
Suppose 70*u - 103246 + 2005 = -21. What is the highest common divisor of 3 and u?
3
Let z = 2 + 14. Let q(j) = 1542*j - 15268. Let t be q(10). What is the highest common divisor of z and t?
8
Let w(u) = 187*u + 5248. Let m be w(-27). What is the highest common divisor of 14129 and m?
199
Let i(w) = -6*w + 64. Let t be i(10). Suppose 2*u - t*u + 2*o = -124, -242 = -4*u + o. Calculate the highest common divisor of u and 75.
15
Suppose -26 = -26*s - 0. Suppose o - 3 = 0, -4*k + s = 3*o - 8*o. What is the highest common factor of k and 428?
4
Let s = 4664 - 4276. Calculate the highest common factor of s and 97.
97
Let f be (120 - 131) + 753 + 0. Calculate the highest common divisor of 56 and f.
14
Suppose 140*h = 143*h - 9, 2*o - 17 = h. What is the highest common factor of 23110 and o?
10
Let q = 1678 + -1535. Let p(n) = -n**2 + 17*n - 8. Let l be p(15). Calculate the highest common divisor of l and q.
11
Suppose 0 = 2340*d - 2337*d - 42. Let g be (4 - -3) + 42/d. What is the greatest common divisor of 225 and g?
5
Suppose -2*j - j = n - 922, 5 = -j. Suppose n + 439 = 4*d - 4*y, 5*d + y - 1726 = 0. What is the greatest common factor of d and 15?
15
Suppose 51*d - 1234 + 214 = 0. What is the greatest common factor of 160 and d?
20
Let l be (8989/(-19) + 142/1349)/(-1). Calculate the highest common factor of l and 430.
43
Let w = -10164 - -10227. Suppose -2*v + 3 - 9 = 0, 0 = 2*k + 3*v - 117. Calculate the greatest common factor of k and w.
63
Suppose 4*b = 46 + 2. Let p be (-82232)/95 - (-1)/((-10)/4). Let m be p/(-8) - 4*(-6)/(-96). Calculate the highest common factor of m and b.
12
Let c be (86/20)/(10/180) + (-90)/(-150). What is the highest common divisor of 366 and c?
6
Let p = -2447 - -2702. What is the greatest common divisor of 345 and p?
15
Let x = 832 - -78. What is the greatest common factor of 45 and x?
5
Let z = -3956 + 4840. Calculate the highest common divisor of z and 156.
52
Let o be (-360)/162 - 2/(-9). Let v(f) = -28*f**3 - 3*f**2 + 2*f + 1. Let w be v(o). Calculate the greatest common factor of w and 22.
11
Let c(m) = -6*m + 58. Let g(y) = -2*y**2 + 59*y + 38. Let x be g(30). Let s be c(x). Suppose -93 + 13 = -4*k. What is the highest common factor of k and s?
10
Let f = -10727 - -10735. Calculate the greatest common divisor of f and 2916.
4
Let r(t) = t**3 - 11*t**2 - 17*t - 89. Let a be r(13). What is the greatest common divisor of a and 308?
28
Suppose -25*n + 96*n - 208 = -33*n. Suppose 4*j = 140 - 0. Let k = j + -17. What is the greatest common factor of k and n?
2
Let l = -425 + 362. Let r = 25 + -4. Let v = r - l. What is the highest common factor of 12 and v?
12
Suppose -x - x + 3*o + 55 = 0, 0 = -2*x - 2*o + 50. Let s(w) = 3*w**2 + 17*w - 2. Let p be s(-16). What is the highest common divisor of p and x?
26
Let q = 307 + -304. Suppose q*r - 130 = 17. What is the highest common divisor of 56 and r?
7
Suppose 2646 = -1774*j + 1816*j. Calculate the highest common factor of 63 and j.
63
Let s be (-34 - 6110/141)*243/(-2). What is the greatest common factor of 261 and s?
261
Suppose 0 = -2*w, 5*r = -5*w - 4 + 84. Suppose r*q = 6*q + 720. Calculate the highest common factor of 168 and q.
24
Let n(h) = h - 1. Let p = 37 + -43. Let c be (-27)/18*20/p. Let u be n(c). What is the greatest common factor of 44 and u?
4
Let n(g) = -608*g + 3652. Let x be n(6). Suppose -f - 26 = 2*a, 5*f + a + 2*a = -151. Let k = f - -60. Calculate the highest common factor of k and x.
4
Suppose 1 = -2*h - 3, -3*h = 3*o - 1194. Suppose -36 = 5*i - 171. Suppose -i*v + o = -22*v. Calculate the greatest common divisor of v and 20.
20
Let j = -347 + 359. Let t be (-4 - -34)*(-86)/(-5). Calculate the highest common factor of t and j.
12
Suppose -17*p + 16*p - 748 = -18*p. Let a(n) = -3*n**3 - 2*n**2 + 3*n + 6. Let b be a(-4). Calculate the greatest common divisor of b and p.
22
Let l be 12/3 + -1 + -2. Let a = l - -3. Let u be (27/2)/1 + 2/a. Calculate the greatest common factor of 28 and u.
14
Let y = -2346 + 3579. What is the highest common factor of y and 63?
9
Let u = -2555 - -2570. What is the highest common divisor of 2265 and u?
15
Suppose -s - 7*i + 2*i - 35 = 0, -98 = 2*s + 3*i. Let z be 154/10 + 22/s. What is the greatest common factor of z and 5?
5
Let n be (-4)/34 - (-15 + 2628825/(-255)). What is the greatest common factor of 116 and n?
116
Suppose 98*p - 114*p - 82*p = -11760. What is the greatest common factor of 1545 and p?
15
Let g(o) = -513*o - 177. Let v be g(-1). What is the highest common divisor of 66 and v?
6
Let w = -17 + 21. Suppose 12 + 0 = -q + 4*s, -5*q + w*s = -4. Suppose 126 = -q*i + 10*i. Calculate the greatest common factor of 7 and i.
7
Let w be (-2)/(-7) + (-272)/(-28). Suppose -10*r = -5*r - w. Suppose 3*z - 3*i - 242 = -r*i, -2*i - 4 = 0. What is the greatest common divisor of z and 10?
10
Let w = -5087 - -5115. Suppose 5*a + 200 = l, -2*l + 3*a + 82 = -332. What is the highest common divisor of w and l?
14
Let z(n) be the first derivative of 8*n**3/3 - n**2 - 9*n + 42. Let u be z(4). Let j = u + -67. Calculate the highest common divisor of j and 44.
44
Let s(t) = -3971*t - 82957. Let r be s(-21). Suppose -2*c + 219 - 717 = -4*o, -3*o + 376 = -4*c. What is the highest common divisor of r and o?
62
Let z be 3/12 + (-66)/(-24). Suppose -2*m + 84 = z*g + m, -g + 4 = -5*m. Let x be (0/3 + -1)/((-1)/g). What is the highest common divisor of x and 8?
8
Let s = 4 - -1. Suppose -5*w = -2*w + 2*m - 18, -s*w - 2*m = -26. Let d(l) = -92*l - 520. Let h be d(-6). Calculate the highest common factor of h and w.
4
Let c be 171 - (14/(-4) + (-3)/(-6)). Calculate the highest common divisor of c and 78.
6
Let c be ((-16)/5 - -2)*(-5)/1. Suppose r - 2*h - 24 = 0, -2*h + 4*h = -c. What is the highest common factor of r and 27?
9
Let u be (8/(-12))